y b?
10
Let x(o) = -o**3 + o**2 + 14. Calculate the remainder when x(-4) is divided by 19.
18
Suppose -10 = 2*n, 2*s = -3*n - 23 + 8. Suppose s = -a + 5*a - 184. Suppose 3*p - 38 = a. What is the remainder when p is divided by 10?
8
Let f = -13 + 24. Suppose 3 - 5 = y. Calculate the remainder when 430/(-15)*3/y is divided by f.
10
Suppose 114 = -0*b + 2*b. Let o = b + -26. Let x = o + -2. What is the remainder when x is divided by 10?
9
Let p = 75 - -3. What is the remainder when p is divided by 16?
14
Let l(k) = 2*k**3 - 2*k**2 - 3*k + 2. Suppose 41 = 4*i + 29. Calculate the remainder when l(2) is divided by i.
1
Let j be 4/26 + 312/169. Suppose -2 = -y + 2*w + 2, j*w = 3*y - 16. What is the remainder when y is divided by 3?
0
Suppose 3 = -d + 9. Let x = 3 + d. Calculate the remainder when x is divided by 3.
0
Suppose 0 = 4*a - 2*a - 52. Let l(p) = p**3 + 11*p**2 - 15*p - 22. Calculate the remainder when a is divided by l(-12).
12
Let t(f) = 6*f + 25. What is the remainder when 19 is divided by t(-2)?
6
Let p(h) = h + 7. Let o(b) = b**2 - 7*b + 5. Let d be o(5). What is the remainder when 4 is divided by p(d)?
0
Let w = -109 - -120. What is the remainder when 32 is divided by w?
10
What is the remainder when 34 is divided by (0 + -1*2)*(-15)/6?
4
Let u(d) = -d**2 + 4*d - 1. Let x be u(4). Let m be (-1 - x) + 1 - -2. Let y = m - -16. What is the remainder when 36 is divided by y?
17
Suppose -70 = -a + 47. Calculate the remainder when a is divided by 30.
27
Suppose p - 6*p = 4*l - 7, -l = 2*p - 4. What is the remainder when 10 is divided by (7 - 6)/(l/(-8))?
2
Suppose -4*g - 2 = -2*g. What is the remainder when g/(-3)*(-1 + 4) is divided by 1?
0
Suppose 56 = 5*l - 44. Let z = l - 12. Suppose -7*y + 3*y = -20. Calculate the remainder when z is divided by y.
3
Let d = 0 - -3. Suppose -5*u = 5*a - 65, a - d*u + 7 = u. Calculate the remainder when 34 is divided by a.
7
Calculate the remainder when (176/6)/((-5)/(-15)) is divided by 30.
28
Suppose -35 = -5*w - 0. Let h(z) = -z**3 + 0*z**3 - 9*z + w*z**2 + 7 + z. What is the remainder when h(5) is divided by 6?
5
Let c = 39 + 43. Calculate the remainder when c is divided by 21.
19
Let k(a) = a**3 + 5*a**2 + 2*a + 16. What is the remainder when k(-5) is divided by 3?
0
Suppose 2*b = -5*m + 156, 2*b - 2*m = 2*m + 156. What is the remainder when b is divided by 28?
22
Let a = 159 - 89. Calculate the remainder when a is divided by (5 - 1) + (-2)/(-4)*28.
16
Suppose -q - 7*z + 107 = -12*z, 9 = -3*z. Calculate the remainder when q is divided by 3.
2
Suppose -3*k = 2*k - 55. What is the remainder when 19/2*(-16)/(-8) is divided by k?
8
Calculate the remainder when 3 + 74 + 2 + -3 is divided by 39.
37
Let t be ((-6)/8)/(2/(-504)). Let r = -99 + t. Let s = r - 52. Calculate the remainder when s is divided by 13.
12
Suppose -2*g = -5*g + 39. Suppose 129 = 3*r + 18. Calculate the remainder when r is divided by g.
11
Let k(y) = -y**3 - 9*y**2 - 9*y - 7. Let i be k(-8). Suppose -i = u - 3. Suppose u*m = 4*m - 32. What is the remainder when m is divided by 9?
7
Let b = -290 + 420. Calculate the remainder when b is divided by 22.
20
Suppose 3*o = z + 10, z - 5*o = 4*z - 40. Calculate the remainder when 42 is divided by ((-6)/z)/(2/(-25)).
12
Suppose 3*r - 85 = 2*m, -2*r + 2*m = -2*m - 70. Let g(f) = f**3 + f. Let l be g(1). Suppose l*x - 5*x = -27. Calculate the remainder when r is divided by x.
7
Let z(x) = -x**2 + 5*x - 1. Let m = 5 + -1. What is the remainder when 10 is divided by z(m)?
1
Suppose -4*r - r + 5 = 0. Calculate the remainder when 25 is divided by (-5)/(-15)*(r - -20).
4
Suppose -5*o - 5*m + 4 = -2*o, -32 = -2*o + 4*m. Let l = -106 + 150. Suppose -2*s + l + 2 = 0. Calculate the remainder when s is divided by o.
7
What is the remainder when 33 is divided by (-3)/(-2)*170/15?
16
Suppose 0 = -0*l - l + 14. Suppose 0 = -3*w + t + 27, 0*t - 5*t = -15. Suppose q - w = -2. Calculate the remainder when l is divided by q.
6
Calculate the remainder when (0 - (-1956)/8) + 1/(-2) is divided by 41.
39
Suppose 0 = 4*p + 3*o - 30 - 145, 5*p - 5*o - 175 = 0. Let j = 31 + -17. Calculate the remainder when p is divided by j.
12
Let t = 46 + -28. Suppose 0 = 2*i + q - 37 - t, 6 = -2*q. Suppose -5*v + f + 65 = -v, v = -4*f + i. Calculate the remainder when v is divided by 9.
8
Let d(g) = g**2 + 1. Let m be d(2). Suppose i + t - 2*t = -4, m*i = -3*t + 4. Calculate the remainder when 3/3 - (-23 - i) is divided by 8.
7
What is the remainder when (155/(-10))/((-2)/12) is divided by 16?
13
Let l(b) be the third derivative of -b**4/24 - 4*b**3/3 - b**2. What is the remainder when l(-13) is divided by 2?
1
Let m(n) = 4*n**3 - 4*n**3 + 2 + 0*n + 4*n**2 - n**3 + 3*n. What is the remainder when 79 is divided by m(3)?
19
Let h be 1/(2/6*1). Let q(w) = 3*w - 3. Calculate the remainder when 9 is divided by q(h).
3
Suppose 3*d - 5*f = -4*f + 1, 4*d + 2*f = -2. Let c = 27 - 29. What is the remainder when 29 - d*(3 + c) is divided by 10?
9
Let y = -137 - -152. What is the remainder when 43 is divided by y?
13
Calculate the remainder when (-3 + 5 - 3)*-93 is divided by 24.
21
Let h(a) = a**2 + 7*a - 33. What is the remainder when h(-14) is divided by 23?
19
Let x(s) = -5*s + 4. Suppose 0 = -4*z - 0*z + 40. Let c be x(z). Calculate the remainder when (-1)/(2*1/c) is divided by 8.
7
Let s be ((-6)/(-9))/(2/39). Let k = 22 + s. What is the remainder when k is divided by (-12)/(-10)*(9 + 1)?
11
What is the remainder when 1/(-3) - (-129)/9 is divided by 4?
2
Suppose 2*o = -4*r + 78, 4*r - 38 = o - 107. Calculate the remainder when o is divided by (19 - (-4)/(-2)) + 0.
15
Suppose 4*q - 105 = v, 0 = 2*q - 5*q + 5*v + 83. Suppose 2*c = c + 7. What is the remainder when q is divided by c?
5
Let b(p) = p**2 - 5*p - 5. Let c = 37 + -20. What is the remainder when b(9) is divided by c?
14
Let p = -12 - -7. Let f = p + 9. What is the remainder when 46/4 - 3/2 is divided by f?
2
Let x(g) = g - 5. Let s be x(-8). Calculate the remainder when 22 is divided by 0 - 1 - 1*s.
10
Suppose -4*c + 32 = -4*q, -3*q + q + 19 = 5*c. Suppose 5 + 45 = c*r. Suppose 0 - r = -2*i. What is the remainder when 13 is divided by i?
3
Suppose -5*h - 5*u = -2*h - 43, u = 2*h - 20. Let j = h + 35. Let c = -147 + 171. What is the remainder when j is divided by c?
22
Let r(y) = y + 11. What is the remainder when 10 is divided by r(-5)?
4
Suppose 2*q + 3*x - 80 = 0, -64 = -2*q - 0*q + x. What is the remainder when q is divided by 13?
8
Let b(l) = l**2 - l. Let q be b(2). Suppose 0 = -q*h - 2*h. Calculate the remainder when (h + -2)*5*-1 is divided by 4.
2
Let a = -12 - -27. Calculate the remainder when 192 is divided by a.
12
Suppose 0 = -3*f - h + 141, -f - 4*h = -7*h - 47. Calculate the remainder when f is divided by (-24)/(-15)*105/14.
11
Let h(j) = 3*j - 6. Let o be h(6). Let a be 3/((-45)/(-24))*-5. Let r = o + a. What is the remainder when 11 is divided by r?
3
Let h(m) be the third derivative of 113*m**5/30 + m**3/6 + m**2. Let a be h(1). Suppose 0 = -5*u - 72 + a. Calculate the remainder when u is divided by 16.
15
Suppose -y = -20 - 1. What is the remainder when 38 is divided by 2*-2 + 3 + y?
18
Let v(l) = -9*l - 27. Calculate the remainder when 62 is divided by v(-5).
8
Let g = 5 - 3. Let p(w) = 3*w - 2. Calculate the remainder when 11 is divided by p(g).
3
Let j = 11 - 8. Let f be ((-18)/(-4))/(4/8). What is the remainder when 8/(-36) - (-47)/f is divided by j?
2
Suppose 13 = -q - 3*b + 3, 5*q + 10 = -5*b. Let t be ((-2)/q + 0)*-16. Suppose 48 = 2*a + t. What is the remainder when 31 is divided by a?
15
Let h be 3/8*2*4. Suppose h*n + 2*k - 10 = 3*k, 4*n - 2*k = 12. Suppose -5*w - 3*u = 7, 6*w - 5*u = n*w + 22. What is the remainder when w is divided by 1?
0
Suppose 4*l + h - 29 = 0, -l = 2*l + h - 21. Calculate the remainder when 9 is divided by l.
1
Suppose -4*d = 4*w - 3*d - 73, -2*d - 63 = -3*w. What is the remainder when w is divided by 5?
4
What is the remainder when 75 is divided by (-4*(-6)/8)/((-6)/(-80))?
35
Let f(t) = 6*t**2 - 2*t + 3. Suppose 71 = 5*w - 59. What is the remainder when f(3) is divided by w?
25
Calculate the remainder when 7 is divided by (-207)/(-45) - (-3)/(-5).
3
Let p = 8 + -7. Calculate the remainder when p is divided by 1.
0
Let w(d